 the hundreds digit of 858?
8
What is the hundreds digit of 1465?
4
What is the ten thousands digit of 21661?
2
What is the tens digit of 98074?
7
What is the ten thousands digit of 16780?
1
What is the thousands digit of 42721?
2
What is the hundreds digit of 548?
5
What is the tens digit of 96198?
9
What is the thousands digit of 16044?
6
What is the thousands digit of 37432?
7
What is the ten thousands digit of 21366?
2
What is the hundreds digit of 2655?
6
What is the thousands digit of 14507?
4
What is the hundreds digit of 1497?
4
What is the tens digit of 902?
0
What is the units digit of 1927?
7
What is the tens digit of 4557?
5
What is the units digit of 50343?
3
What is the hundreds digit of 625?
6
What is the tens digit of 5996?
9
What is the ten thousands digit of 43805?
4
What is the tens digit of 9807?
0
What is the tens digit of 7917?
1
What is the units digit of 763?
3
What is the thousands digit of 61034?
1
What is the units digit of 266?
6
What is the hundreds digit of 662?
6
What is the thousands digit of 1790?
1
What is the tens digit of 24818?
1
What is the hundreds digit of 14726?
7
What is the hundreds digit of 51990?
9
What is the tens digit of 860?
6
What is the tens digit of 6339?
3
What is the thousands digit of 6092?
6
What is the tens digit of 1477?
7
What is the hundreds digit of 60653?
6
What is the tens digit of 2449?
4
What is the ten thousands digit of 49442?
4
What is the ten thousands digit of 153942?
5
What is the units digit of 474?
4
What is the units digit of 790?
0
What is the tens digit of 154412?
1
What is the thousands digit of 2030?
2
What is the tens digit of 2322?
2
What is the tens digit of 3377?
7
What is the units digit of 81?
1
What is the hundreds digit of 92748?
7
What is the tens digit of 654?
5
What is the units digit of 132639?
9
What is the hundreds digit of 4590?
5
What is the hundreds digit of 1160?
1
What is the thousands digit of 3416?
3
What is the units digit of 12692?
2
What is the tens digit of 25944?
4
What is the thousands digit of 2987?
2
What is the thousands digit of 8695?
8
What is the hundreds digit of 157?
1
What is the tens digit of 65?
6
What is the hundreds digit of 10283?
2
What is the tens digit of 9663?
6
What is the tens digit of 68?
6
What is the units digit of 6970?
0
What is the tens digit of 10500?
0
What is the ten thousands digit of 11639?
1
What is the hundreds digit of 2249?
2
What is the hundreds digit of 103815?
8
What is the thousands digit of 6999?
6
What is the tens digit of 3065?
6
What is the thousands digit of 5377?
5
What is the hundreds digit of 5406?
4
What is the units digit of 24128?
8
What is the hundreds digit of 3787?
7
What is the tens digit of 7222?
2
What is the tens digit of 5022?
2
What is the hundreds digit of 13477?
4
What is the thousands digit of 1257?
1
What is the tens digit of 3453?
5
What is the thousands digit of 1619?
1
What is the tens digit of 111379?
7
What is the ten thousands digit of 17493?
1
What is the hundreds digit of 6267?
2
What is the units digit of 13140?
0
What is the units digit of 7685?
5
What is the tens digit of 34718?
1
What is the units digit of 18840?
0
What is the hundreds digit of 3330?
3
What is the units digit of 4429?
9
What is the units digit of 55315?
5
What is the tens digit of 63695?
9
What is the thousands digit of 4815?
4
What is the thousands digit of 24478?
4
What is the units digit of 11251?
1
What is the tens digit of 16592?
9
What is the hundreds digit of 8809?
8
What is the hundreds digit of 277?
2
What is the thousands digit of 7922?
7
What is the hundreds digit of 35013?
0
What is the tens digit of 29086?
8
What is the hundreds digit of 13794?
7
What is the units digit of 19853?
3
What is the ten thousands digit of 10014?
1
What is the thousands digit of 27506?
7
What is the tens digit of 310?
1
What is the ten thousands digit of 41717?
4
What is the thousands digit of 8269?
8
What is the units digit of 147171?
1
What is the thousands digit of 2240?
2
What is the hundreds digit of 47078?
0
What is the ten thousands digit of 55054?
5
What is the units digit of 16873?
3
What is the units digit of 3936?
6
What is the ten thousands digit of 25308?
2
What is the tens digit of 1825?
2
What is the hundreds digit of 480?
4
What is the ten thousands digit of 12029?
1
What is the hundreds digit of 2206?
2
What is the hundreds digit of 8178?
1
What is the thousands digit of 3697?
3
What is the tens digit of 863?
6
What is the hundreds digit of 832?
8
What is the hundreds digit of 4345?
3
What is the units digit of 2537?
7
What is the ten thousands digit of 62788?
6
What is the units digit of 4217?
7
What is the ten thousands digit of 136334?
3
What is the hundreds digit of 3766?
7
What is the tens digit of 2941?
4
What is the thousands digit of 68141?
8
What is the thousands digit of 4976?
4
What is the ten thousands digit of 20982?
2
What is the tens digit of 715?
1
What is the tens digit of 1125?
2
What is the ten thousands digit of 34196?
3
What is the tens digit of 54103?
0
What is the tens digit of 44956?
5
What is the ten thousands digit of 12545?
1
What is the thousands digit of 13875?
3
What is the hundreds digit of 408?
4
What is the tens digit of 13920?
2
What is the tens digit of 24852?
5
What is the hundreds digit of 8819?
8
What is the units digit of 2446?
6
What is the thousands digit of 21525?
1
What is the units digit of 577?
7
What is the units digit of 94?
4
What is the units digit of 1212?
2
What is the units digit of 1531?
1
What is the hundreds digit of 5998?
9
What is the units digit of 3327?
7
What is the ten thousands digit of 10392?
1
What is the hundreds digit of 41210?
2
What is the hundreds digit of 3901?
9
What is the tens digit of 7786?
8
What is the units digit of 2880?
0
What is the tens digit of 430?
3
What is the tens digit of 3107?
0
What is the thousands digit of 50948?
0
What is the tens digit of 2189?
8
What is the tens digit of 1948?
4
What is the thousands digit of 6198?
6
What is the units digit of 63?
3
What is the hundreds digit of 267?
2
What is the units digit of 99?
9
What is the tens digit of 517?
1
What is the hundreds digit of 13144?
1
What is the hundreds digit of 8194?
1
What is the hundreds digit of 2597?
5
What is the units digit of 5481?
1
What is the tens digit of 66379?
7
What is the units digit of 958?
8
What is the hundreds digit of 8786?
7
What is the units digit of 8176?
6
What is the tens digit of 489?
8
What is the tens digit of 1542?
4
What is the ten thousands digit of 78857?
7
What is the units digit of 928?
8
What is the tens digit of 1675?
7
What is the thousands digit of 3430?
3
What is the hundred thousands digit of 158466?
1
What is the thousands digit of 2335?
2
What is the units digit of 21325?
5
What is the thousands digit of 118992?
8
What is the hundreds digit of 30177?
1
What is the thousands digit of 13935?
3
What is the tens digit of 4908?
0
What is the tens digit of 193230?
3
What is the tens digit of 11048?
4
What is the tens digit of 418?
1
What is the thousands digit of 1619?
1
What is the ten thousands digit of 150469?
5
What is the hundred thousands digit of 212528?
2
What is the tens digit of 123?
2
What is the ten thousands digit of 53545?
5
What is the units digit of 8127?
7
What is the thousands digit of 36630?
6
What is the thousands digit of 7486?
7
What is the hundreds digit of 1350?
3
What is the units digit of 1936?
6
What is the tens digit of 43133?
3
What is the thousands digit of 9164?
9
What is the ten thousands digit of 12147?
1
What is the tens digit of 900?
0
What is the units digit of 136119?
9
What is the units digit of 8221?
1
What is the hundreds digit of 27270?
2
What is the units digit of 31828?
8
What is the tens digit of 25080?
8
What is the tens digit of 6532?
3
What is the units digit of 205?
5
What is the hundreds digit of 3622?
6
What is the thousands digit of 31839?
1
What is the units digit of 73812?
2
What is the thousands digit of 126195?
6
What is the tens digit of 9422?
2
What is the thousands digit of 3949?
3
What is the thousands digit of 5031?
5
What is the thousands digit of 1649?
1
What is the tens digit of 704?
0
What is the tens digit of 1299?
9
What is the thousands di